{"id":1202,"date":"2020-06-26T00:32:53","date_gmt":"2020-06-26T05:32:53","guid":{"rendered":"https:\/\/fosfonorte.com\/web\/?post_type=product&#038;p=1202"},"modified":"2025-10-18T15:49:44","modified_gmt":"2025-10-18T20:49:44","slug":"fosfoindustrial-35","status":"publish","type":"product","link":"https:\/\/fosfonorte.com\/web\/product\/fosfoindustrial-35\/","title":{"rendered":"Fosfoindustrial 35%"},"content":{"rendered":"<p>La Roca Fosf\u00f3rica constituye una alternativa viable para la recuperaci\u00f3n de suelos \u00e1cidos como los del tr\u00f3pico, tambi\u00e9n es una fuente econ\u00f3mica y valiosa de F\u00f3sforo y Calcio, y una forma de contribuir a la conservaci\u00f3n del medio ambiente.<\/p>\n<p>La Roca Fosf\u00f3rica de Norte de Santander es un mineral producto de la formaci\u00f3n de Apatita N\u00f3dulos, Olitos, fragmentos de Huesos Fosilizados, Cuarzo en gran tama\u00f1o de limo y Criptocristalino; Calcita en forma de cemento de grano fino, que se encuentra en roca fresca; Arcilla Fluorita, Oxido de Fe y Wuavelita, aunque en peque\u00f1as cantidades se encuentra materia org\u00e1nica en promedio de 4,5%.El F\u00f3sforo contenido en la Roca Fosf\u00f3rica se encuentra como Fluoropatita este compuesto es qu\u00edmicamente un fosfato tricalcico \u00fanido al fluoruro de calcio que resulta insoluble en el H2O, pero que constituye el material m\u00e1s importante de los compuestos usados como productores de F\u00f3sforo para el proceso de Fertilizaci\u00f3n. Partiendo de la Roca Fosf\u00f3rica del 35%, obtenemos un producto que es utilizado como materia prima para fertilizantes qu\u00edmicos, por su concentraci\u00f3n de P2O5 se establecen l\u00edneas de productos como el Fosfoabono 25% P2O5, el Fertifoscal 30% P2O5 los cuales son de aplicaci\u00f3n directa y resultan muy indicados en suelos \u00e1cidos.<\/p>\n<!-- AddThis Advanced Settings generic via filter on the_content --><!-- AddThis Share Buttons generic via filter on the_content -->","protected":false},"excerpt":{"rendered":"<p>Fosfato de Calcio Natural &#8211; Tipo Industrial<br \/>\nRegistro de Venta ICA. N\u00b0 10381<\/p>\n<table class=\"egt\" style=\"height: 88px;\" width=\"316\">\n<tbody>\n<tr>\n<td style=\"text-align: center;\">\n<h3><strong>N<\/strong><\/h3>\n<\/td>\n<td style=\"text-align: center;\">\n<h3><strong>P<\/strong><\/h3>\n<\/td>\n<td style=\"text-align: center;\">\n<h3><strong>K<\/strong><\/h3>\n<\/td>\n<td style=\"text-align: center;\">\n<h3><strong>Ca<\/strong><\/h3>\n<\/td>\n<\/tr>\n<tr>\n<td style=\"text-align: center;\">\n<h3><strong>0<\/strong><\/h3>\n<\/td>\n<td style=\"text-align: center;\">\n<h3><strong>35<\/strong><\/h3>\n<\/td>\n<td style=\"text-align: center;\">\n<h3><strong>0<\/strong><\/h3>\n<\/td>\n<td style=\"text-align: center;\">\n<h3><strong>48<\/strong><\/h3>\n<\/td>\n<\/tr>\n<\/tbody>\n<\/table>\n<ul>\n<li>Granulometr\u00eda<\/li>\n<li>Tama\u00f1o m\u00e1ximo de part\u00edcula 2 mm<\/li>\n<li>Retenido malla 100: 95% m\u00edn<\/li>\n<li>\n<h3>Empaque: Bultos de 50 Kg.<\/h3>\n<\/li>\n<\/ul>\n<p><!-- AddThis Advanced Settings generic via filter on get_the_excerpt --><!-- AddThis Share Buttons generic via filter on get_the_excerpt --><\/p>\n","protected":false},"featured_media":1203,"comment_status":"open","ping_status":"closed","template":"","meta":[],"product_brand":[],"product_cat":[130],"product_tag":[],"class_list":{"0":"post-1202","1":"product","2":"type-product","3":"status-publish","4":"has-post-thumbnail","6":"product_cat-productos","8":"first","9":"instock","10":"shipping-taxable","11":"purchasable","12":"product-type-simple"},"_links":{"self":[{"href":"https:\/\/fosfonorte.com\/web\/wp-json\/wp\/v2\/product\/1202","targetHints":{"allow":["GET"]}}],"collection":[{"href":"https:\/\/fosfonorte.com\/web\/wp-json\/wp\/v2\/product"}],"about":[{"href":"https:\/\/fosfonorte.com\/web\/wp-json\/wp\/v2\/types\/product"}],"replies":[{"embeddable":true,"href":"https:\/\/fosfonorte.com\/web\/wp-json\/wp\/v2\/comments?post=1202"}],"wp:featuredmedia":[{"embeddable":true,"href":"https:\/\/fosfonorte.com\/web\/wp-json\/wp\/v2\/media\/1203"}],"wp:attachment":[{"href":"https:\/\/fosfonorte.com\/web\/wp-json\/wp\/v2\/media?parent=1202"}],"wp:term":[{"taxonomy":"product_brand","embeddable":true,"href":"https:\/\/fosfonorte.com\/web\/wp-json\/wp\/v2\/product_brand?post=1202"},{"taxonomy":"product_cat","embeddable":true,"href":"https:\/\/fosfonorte.com\/web\/wp-json\/wp\/v2\/product_cat?post=1202"},{"taxonomy":"product_tag","embeddable":true,"href":"https:\/\/fosfonorte.com\/web\/wp-json\/wp\/v2\/product_tag?post=1202"}],"curies":[{"name":"wp","href":"https:\/\/api.w.org\/{rel}","templated":true}]}}